ime number?
True
Is 12367409 prime?
True
Is 3970529 composite?
False
Is 5453237 composite?
False
Is 161514377 prime?
True
Is 215900189 prime?
False
Is 1662659 a composite number?
True
Is 8200529 a composite number?
False
Is 10522367 a composite number?
True
Is 10294633 a composite number?
False
Is 39998942 a prime number?
False
Is 498307673 a composite number?
True
Is 70655489 a composite number?
False
Is 63330101 a prime number?
True
Is 1328143 a prime number?
True
Is 128219671 prime?
True
Is 27166427 composite?
True
Is 12216157 composite?
True
Is 986023 composite?
False
Is 8832867 a composite number?
True
Is 65516183 prime?
False
Is 424597 a prime number?
True
Is 17487167 composite?
False
Is 3506911 a composite number?
True
Is 13384957 a composite number?
True
Is 436090087 prime?
False
Is 57691541 a composite number?
False
Is 41407117 prime?
False
Is 6492821 prime?
True
Is 35756599 a prime number?
False
Is 4827191 a prime number?
True
Is 3979519 a prime number?
False
Is 1057783 a composite number?
True
Is 89975631 prime?
False
Is 18292049 prime?
False
Is 69044821 composite?
False
Is 18948967 a prime number?
False
Is 39132074 a composite number?
True
Is 67763033 composite?
True
Is 37403 prime?
False
Is 670901183 a prime number?
True
Is 295929785 a composite number?
True
Is 14838983 composite?
True
Is 352403 a composite number?
False
Is 43590269 composite?
False
Is 2078591 a composite number?
False
Is 3714181 composite?
False
Is 1124856401 a composite number?
True
Is 1759594 prime?
False
Is 4842533 a prime number?
True
Is 899123 composite?
False
Is 1419337 composite?
False
Is 54585319 prime?
True
Is 28511323 prime?
False
Is 2719213 a composite number?
True
Is 55646281 composite?
True
Is 146731391 composite?
False
Is 108369421 prime?
False
Is 12079889 a prime number?
False
Is 1041005291 prime?
True
Is 23131181 composite?
False
Is 1713359 prime?
False
Is 24499 prime?
True
Is 2486657 composite?
True
Is 1870811 composite?
True
Is 3664183 a prime number?
True
Is 1162193 a composite number?
False
Is 15964727 prime?
True
Is 4302133 prime?
False
Is 496075641 a composite number?
True
Is 14238319 composite?
False
Is 54583381 composite?
True
Is 9320989 a prime number?
True
Is 42509861 a composite number?
True
Is 88693061 prime?
False
Is 889751 composite?
True
Is 32072629 a composite number?
False
Is 1627657 a prime number?
False
Is 58267147 a composite number?
True
Is 924959 a composite number?
True
Is 93172883 a composite number?
True
Is 11604197 a prime number?
False
Is 412733 prime?
False
Is 145327757 a composite number?
True
Is 213242657 composite?
True
Is 229473247 a prime number?
True
Is 19338801 a prime number?
False
Is 5922047 composite?
True
Is 28069667 a composite number?
True
Is 50382385 a composite number?
True
Is 1599839 a prime number?
True
Is 39438149 a prime number?
True
Is 6098237 composite?
False
Is 5391713 composite?
False
Is 262000729 a composite number?
False
Is 3513253 a composite number?
False
Is 1159547899 composite?
False
Is 132527813 prime?
False
Is 40345967 a composite number?
False
Is 599561 composite?
False
Is 303410027 a prime number?
False
Is 3659779 prime?
True
Is 5951011 composite?
True
Is 41005799 composite?
False
Is 116355443 composite?
False
Is 29152421 a composite number?
False
Is 2261177 a prime number?
True
Is 14063593 prime?
True
Is 2744689 a prime number?
True
Is 26011397 composite?
False
Is 3404377 a prime number?
True
Is 20553133 composite?
False
Is 45091463 a prime number?
False
Is 9808289 a prime number?
False
Is 280183 a composite number?
False
Is 52917463 composite?
True
Is 5314391 a composite number?
False
Is 8197271 a prime number?
True
Is 2736751 composite?
True
Is 3311999 a prime number?
True
Is 1258291 a prime number?
True
Is 1898101 a prime number?
False
Is 45615461 a composite number?
False
Is 33173247 a prime number?
False
Is 97969933 prime?
False
Is 1325861 a composite number?
False
Is 4996949 a composite number?
False
Is 545620013 a composite number?
False
Is 25188521 a composite number?
False
Is 29247199 a prime number?
False
Is 155171 composite?
False
Is 70009669 a composite number?
False
Is 278321 a prime number?
True
Is 68273437 composite?
False
Is 5623039 a composite number?
True
Is 205522 a prime number?
False
Is 369031 a prime number?
False
Is 7787543 composite?
True
Is 161248513 prime?
True
Is 180398047 composite?
False
Is 569369 a composite number?
False
Is 174589093 a prime number?
False
Is 16494961 a composite number?
True
Is 16820399 a composite number?
True
Is 5706717 prime?
False
Is 345180497 prime?
True
Is 70309 composite?
False
Is 9103847 composite?
False
Is 31766101 composite?
False
Is 13843657 composite?
True
Is 17538199 a prime number?
False
Is 853817 prime?
False
Is 29024627 composite?
True
Is 8762261 a prime number?
True
Is 29139157 composite?
False
Is 699176303 a prime number?
False
Is 100993 composite?
True
Is 31602631 prime?
True
Is 363098863 composite?
True
Is 5645851 a composite number?
False
Is 120191 prime?
False
Is 5671195 a composite number?
True
Is 61993 a prime number?
False
Is 36657739 composite?
False
Is 5078501 a composite number?
False
Is 39511211 composite?
True
Is 6198653 a composite number?
False
Is 12028459 a composite number?
True
Is 838583 prime?
True
Is 1612577 prime?
False
Is 10969499 prime?
True
Is 1180727 a composite number?
False
Is 368689 a prime number?
True
Is 2972129 a prime number?
False
Is 1279891 composite?
True
Is 121653209 a prime number?
True
Is 392957 composite?
False
Is 5822669 a prime number?
True
Is 86007269 a composite number?
True
Is 1746497 prime?
True
Is 3308439 composite?
True
Is 75755311 a composite number?
False
Is 326560541 a composite number?
True
Is 184669 composite?
False
Is 14816155 a prime number?
False
Is 26844263 prime?
True
Is 38957 composite?
True
Is 9802963 prime?
True
Is 10889689 prime?
False
Is 323333 composite?
False
Is 6858283 a prime number?
False
Is 12559727 a prime number?
False
Is 189581993 prime?
True
Is 915157 a prime number?
True
Is 55690829 a prime number?
False
Is 47529791 a prime number?
False
Is 52940337 prime?
False
Is 8920097 a composite number?
False
Is 2193599 prime?
True
Is 8427899 prime?
False
Is 871259 a composite number?
False
Is 22399141 prime?
True
Is 668953 a composite number?
True
Is 6342395 prime?
False
Is 38593267 prime?
False
Is 10576061 a composite number?
False
Is 4279783 a prime number?
False
Is 308286013 a composite number?
True
Is 11006399 composite?
True
Is 74536549 a prime number?
True
Is 43850959 a composite number?
True
Is 10700257 prime?
True
Is 28142923 prime?
False
Is 114311 composite?
False
Is 9672869 a prime number?
True
Is 213289943 a prime number?
True
Is 54661489 composite?
False
Is 161812861 prime?
False
Is 7508309 a prime number?
True
Is 30563101 prime?
True
Is 15949337 a prime number?
True
Is 411797935 prime?
False
Is 1515169 prime?
True
Is 21888071 composite?
False
Is 875333299 a composite number?
True
Is 55597 composite?
True
Is 51647963 prime?
True
Is 927557 composite?
False
Is 9754237 a composite number?
True
Is 21890047 a composite number?
False
Is 226875959 prime?
False
Is 18018667 composite?
True
Is 202073 composite?
True
Is 60786971 a composite number?
True
Is 3787961 a composite number?
False
Is 93547319 composite?
False
Is 31290437 composite?
False
Is 25649759 composite?
True
Is 8766173 composite?
True
Is 13766518 composite?
True
Is 22982227 a prime number?
True
Is 2738503 a prime number?
True
Is 19195613 prime?
True
Is 489661 a composite number?
True
Is 2583083 a composite number?
False
Is 92009983 a composite number?
True
Is 16722989 a prime number?
True
Is 2002993 composite?
False
Is 142433081 a prime number?
False
Is 1941461 prime?
True
Is 2550437 prime?
True
Is 132548627 a composite number?
False
Is 3357919 composite?
True
Is 4009301 a prime number?
False
Is 59557307 composite?
True
Is 230642971 a composite number?
True
Is 204470401 a prime number?
True
Is 41053 composite?
True
Is 5094853 prime?
True
Is 4188893 prime?
True
Is 1322089 composite?
False
Is 74887349 prime?
True
Is 29182763 a prime number?
True
Is 7140643 composite?
False
Is 181206931 a composite number?
True
Is 3426209 a composite number?
True
Is 366677 composite?
False
Is 3254843 composit